{"id":389,"date":"2021-10-04T13:14:35","date_gmt":"2021-10-04T18:14:35","guid":{"rendered":"http:\/\/hormelinternationalfoodservice.hormelstaging.com\/latam\/contactar-a-un-representante\/"},"modified":"2025-03-18T15:00:06","modified_gmt":"2025-03-18T20:00:06","slug":"contactar-a-un-representante","status":"publish","type":"page","link":"https:\/\/www.hormelinternationalfoodservice.com\/latam\/contactar-a-un-representante\/?lang=es","title":{"rendered":"Contactar A Un Representante"},"content":{"rendered":"<h1>Cont\u00e1ctenos<br \/>\n<strong>para aportar experiencia, ideas y productos<\/strong><\/h1>\n","protected":false},"excerpt":{"rendered":"<p>Cont\u00e1ctenos para aportar experiencia, ideas y productos<\/p>\n","protected":false},"author":3,"featured_media":390,"parent":0,"menu_order":0,"comment_status":"closed","ping_status":"closed","template":"page-templates\/contact.php","meta":{"_acf_changed":false,"footnotes":""},"class_list":["post-389","page","type-page","status-publish","has-post-thumbnail","hentry"],"acf":[],"yoast_head":"<!-- This site is optimized with the Yoast SEO plugin v26.7 - https:\/\/yoast.com\/wordpress\/plugins\/seo\/ -->\n<title>Cont\u00e1ctenos | Am\u00e9rica Latina Y El Caribe | Hormel Foodservice International<\/title>\n<meta name=\"description\" content=\"Los representantes de Hormel Foodservice International pueden asesorarle sobre los productos c\u00e1rnicos y alimenticios, la preparaci\u00f3n de alimentos, las necesidades del men\u00fa, la entrega, la disponibilidad y el precio.\" \/>\n<meta name=\"robots\" content=\"index, follow, max-snippet:-1, max-image-preview:large, max-video-preview:-1\" \/>\n<link rel=\"canonical\" href=\"https:\/\/www.hormelinternationalfoodservice.com\/latam\/contactar-a-un-representante\/?lang=es\" \/>\n<meta property=\"og:locale\" content=\"en_US\" \/>\n<meta property=\"og:type\" content=\"article\" \/>\n<meta property=\"og:title\" content=\"Cont\u00e1ctenos | Am\u00e9rica Latina Y El Caribe | Hormel Foodservice International\" \/>\n<meta property=\"og:description\" content=\"Los representantes de Hormel Foodservice International pueden asesorarle sobre los productos c\u00e1rnicos y alimenticios, la preparaci\u00f3n de alimentos, las necesidades del men\u00fa, la entrega, la disponibilidad y el precio.\" \/>\n<meta property=\"og:url\" content=\"https:\/\/www.hormelinternationalfoodservice.com\/latam\/contactar-a-un-representante\/?lang=es\" \/>\n<meta property=\"og:site_name\" content=\"Hormel Foodservice International | LATAM\" \/>\n<meta property=\"article:modified_time\" content=\"2025-03-18T20:00:06+00:00\" \/>\n<meta property=\"og:image\" content=\"https:\/\/www.hormelinternationalfoodservice.com\/latam\/wp-content\/uploads\/sites\/3\/2021\/03\/banner-bg-2.jpg\" \/>\n\t<meta property=\"og:image:width\" content=\"1621\" \/>\n\t<meta property=\"og:image:height\" content=\"589\" \/>\n\t<meta property=\"og:image:type\" content=\"image\/jpeg\" \/>\n<meta name=\"twitter:card\" content=\"summary_large_image\" \/>\n<script type=\"application\/ld+json\" class=\"yoast-schema-graph\">{\"@context\":\"https:\/\/schema.org\",\"@graph\":[{\"@type\":\"WebPage\",\"@id\":\"https:\/\/www.hormelinternationalfoodservice.com\/latam\/contactar-a-un-representante\/?lang=es\",\"url\":\"https:\/\/www.hormelinternationalfoodservice.com\/latam\/contactar-a-un-representante\/?lang=es\",\"name\":\"Cont\u00e1ctenos | Am\u00e9rica Latina Y El Caribe | Hormel Foodservice International\",\"isPartOf\":{\"@id\":\"https:\/\/www.hormelinternationalfoodservice.com\/latam\/?lang=es\/#website\"},\"primaryImageOfPage\":{\"@id\":\"https:\/\/www.hormelinternationalfoodservice.com\/latam\/contactar-a-un-representante\/?lang=es#primaryimage\"},\"image\":{\"@id\":\"https:\/\/www.hormelinternationalfoodservice.com\/latam\/contactar-a-un-representante\/?lang=es#primaryimage\"},\"thumbnailUrl\":\"https:\/\/www.hormelinternationalfoodservice.com\/latam\/wp-content\/uploads\/sites\/3\/2021\/03\/banner-bg-2.jpg\",\"datePublished\":\"2021-10-04T18:14:35+00:00\",\"dateModified\":\"2025-03-18T20:00:06+00:00\",\"description\":\"Los representantes de Hormel Foodservice International pueden asesorarle sobre los productos c\u00e1rnicos y alimenticios, la preparaci\u00f3n de alimentos, las necesidades del men\u00fa, la entrega, la disponibilidad y el precio.\",\"inLanguage\":\"en-US\",\"potentialAction\":[{\"@type\":\"ReadAction\",\"target\":[\"https:\/\/www.hormelinternationalfoodservice.com\/latam\/contactar-a-un-representante\/?lang=es\"]}]},{\"@type\":\"ImageObject\",\"inLanguage\":\"en-US\",\"@id\":\"https:\/\/www.hormelinternationalfoodservice.com\/latam\/contactar-a-un-representante\/?lang=es#primaryimage\",\"url\":\"https:\/\/www.hormelinternationalfoodservice.com\/latam\/wp-content\/uploads\/sites\/3\/2021\/03\/banner-bg-2.jpg\",\"contentUrl\":\"https:\/\/www.hormelinternationalfoodservice.com\/latam\/wp-content\/uploads\/sites\/3\/2021\/03\/banner-bg-2.jpg\",\"width\":1621,\"height\":589,\"caption\":\"Ribs on plate\"},{\"@type\":\"WebSite\",\"@id\":\"https:\/\/www.hormelinternationalfoodservice.com\/latam\/?lang=es\/#website\",\"url\":\"https:\/\/www.hormelinternationalfoodservice.com\/latam\/?lang=es\/\",\"name\":\"Hormel Foodservice International | LATAM\",\"description\":\"Hormel Foodservice International\",\"potentialAction\":[{\"@type\":\"SearchAction\",\"target\":{\"@type\":\"EntryPoint\",\"urlTemplate\":\"https:\/\/www.hormelinternationalfoodservice.com\/latam\/?lang=es\/?s={search_term_string}\"},\"query-input\":{\"@type\":\"PropertyValueSpecification\",\"valueRequired\":true,\"valueName\":\"search_term_string\"}}],\"inLanguage\":\"en-US\"}]}<\/script>\n<!-- \/ Yoast SEO plugin. -->","yoast_head_json":{"title":"Cont\u00e1ctenos | Am\u00e9rica Latina Y El Caribe | Hormel Foodservice International","description":"Los representantes de Hormel Foodservice International pueden asesorarle sobre los productos c\u00e1rnicos y alimenticios, la preparaci\u00f3n de alimentos, las necesidades del men\u00fa, la entrega, la disponibilidad y el precio.","robots":{"index":"index","follow":"follow","max-snippet":"max-snippet:-1","max-image-preview":"max-image-preview:large","max-video-preview":"max-video-preview:-1"},"canonical":"https:\/\/www.hormelinternationalfoodservice.com\/latam\/contactar-a-un-representante\/?lang=es","og_locale":"en_US","og_type":"article","og_title":"Cont\u00e1ctenos | Am\u00e9rica Latina Y El Caribe | Hormel Foodservice International","og_description":"Los representantes de Hormel Foodservice International pueden asesorarle sobre los productos c\u00e1rnicos y alimenticios, la preparaci\u00f3n de alimentos, las necesidades del men\u00fa, la entrega, la disponibilidad y el precio.","og_url":"https:\/\/www.hormelinternationalfoodservice.com\/latam\/contactar-a-un-representante\/?lang=es","og_site_name":"Hormel Foodservice International | LATAM","article_modified_time":"2025-03-18T20:00:06+00:00","og_image":[{"width":1621,"height":589,"url":"https:\/\/www.hormelinternationalfoodservice.com\/latam\/wp-content\/uploads\/sites\/3\/2021\/03\/banner-bg-2.jpg","type":"image\/jpeg"}],"twitter_card":"summary_large_image","schema":{"@context":"https:\/\/schema.org","@graph":[{"@type":"WebPage","@id":"https:\/\/www.hormelinternationalfoodservice.com\/latam\/contactar-a-un-representante\/?lang=es","url":"https:\/\/www.hormelinternationalfoodservice.com\/latam\/contactar-a-un-representante\/?lang=es","name":"Cont\u00e1ctenos | Am\u00e9rica Latina Y El Caribe | Hormel Foodservice International","isPartOf":{"@id":"https:\/\/www.hormelinternationalfoodservice.com\/latam\/?lang=es\/#website"},"primaryImageOfPage":{"@id":"https:\/\/www.hormelinternationalfoodservice.com\/latam\/contactar-a-un-representante\/?lang=es#primaryimage"},"image":{"@id":"https:\/\/www.hormelinternationalfoodservice.com\/latam\/contactar-a-un-representante\/?lang=es#primaryimage"},"thumbnailUrl":"https:\/\/www.hormelinternationalfoodservice.com\/latam\/wp-content\/uploads\/sites\/3\/2021\/03\/banner-bg-2.jpg","datePublished":"2021-10-04T18:14:35+00:00","dateModified":"2025-03-18T20:00:06+00:00","description":"Los representantes de Hormel Foodservice International pueden asesorarle sobre los productos c\u00e1rnicos y alimenticios, la preparaci\u00f3n de alimentos, las necesidades del men\u00fa, la entrega, la disponibilidad y el precio.","inLanguage":"en-US","potentialAction":[{"@type":"ReadAction","target":["https:\/\/www.hormelinternationalfoodservice.com\/latam\/contactar-a-un-representante\/?lang=es"]}]},{"@type":"ImageObject","inLanguage":"en-US","@id":"https:\/\/www.hormelinternationalfoodservice.com\/latam\/contactar-a-un-representante\/?lang=es#primaryimage","url":"https:\/\/www.hormelinternationalfoodservice.com\/latam\/wp-content\/uploads\/sites\/3\/2021\/03\/banner-bg-2.jpg","contentUrl":"https:\/\/www.hormelinternationalfoodservice.com\/latam\/wp-content\/uploads\/sites\/3\/2021\/03\/banner-bg-2.jpg","width":1621,"height":589,"caption":"Ribs on plate"},{"@type":"WebSite","@id":"https:\/\/www.hormelinternationalfoodservice.com\/latam\/?lang=es\/#website","url":"https:\/\/www.hormelinternationalfoodservice.com\/latam\/?lang=es\/","name":"Hormel Foodservice International | LATAM","description":"Hormel Foodservice International","potentialAction":[{"@type":"SearchAction","target":{"@type":"EntryPoint","urlTemplate":"https:\/\/www.hormelinternationalfoodservice.com\/latam\/?lang=es\/?s={search_term_string}"},"query-input":{"@type":"PropertyValueSpecification","valueRequired":true,"valueName":"search_term_string"}}],"inLanguage":"en-US"}]}},"_links":{"self":[{"href":"https:\/\/www.hormelinternationalfoodservice.com\/latam\/wp-json\/wp\/v2\/pages\/389","targetHints":{"allow":["GET"]}}],"collection":[{"href":"https:\/\/www.hormelinternationalfoodservice.com\/latam\/wp-json\/wp\/v2\/pages"}],"about":[{"href":"https:\/\/www.hormelinternationalfoodservice.com\/latam\/wp-json\/wp\/v2\/types\/page"}],"author":[{"embeddable":true,"href":"https:\/\/www.hormelinternationalfoodservice.com\/latam\/wp-json\/wp\/v2\/users\/3"}],"replies":[{"embeddable":true,"href":"https:\/\/www.hormelinternationalfoodservice.com\/latam\/wp-json\/wp\/v2\/comments?post=389"}],"version-history":[{"count":12,"href":"https:\/\/www.hormelinternationalfoodservice.com\/latam\/wp-json\/wp\/v2\/pages\/389\/revisions"}],"predecessor-version":[{"id":1183,"href":"https:\/\/www.hormelinternationalfoodservice.com\/latam\/wp-json\/wp\/v2\/pages\/389\/revisions\/1183"}],"wp:featuredmedia":[{"embeddable":true,"href":"https:\/\/www.hormelinternationalfoodservice.com\/latam\/wp-json\/wp\/v2\/media\/390"}],"wp:attachment":[{"href":"https:\/\/www.hormelinternationalfoodservice.com\/latam\/wp-json\/wp\/v2\/media?parent=389"}],"curies":[{"name":"wp","href":"https:\/\/api.w.org\/{rel}","templated":true}]}}